{"id":362,"date":"2025-10-20T10:21:28","date_gmt":"2025-10-20T10:21:28","guid":{"rendered":"https:\/\/tusw.de\/?page_id=362"},"modified":"2025-10-20T12:01:41","modified_gmt":"2025-10-20T12:01:41","slug":"ueber-taekwondo","status":"publish","type":"page","link":"https:\/\/tusw.de\/index.php\/ueber-taekwondo\/","title":{"rendered":"\u00dcber Taekwondo"},"content":{"rendered":"\n<p class=\"has-theme-palette-9-color has-text-color has-link-color wp-elements-50aa6ea06e0bfb9584b33bc9dd7ba70c\"><\/p>\n\n\n\n<p style=\"font-size:0px\"><\/p>\n\n\n\n<p><\/p>\n\n\n<style>.kb-row-layout-id362_69b253-66 > .kt-row-column-wrap{align-content:start;}:where(.kb-row-layout-id362_69b253-66 > .kt-row-column-wrap) > .wp-block-kadence-column{justify-content:start;}.kb-row-layout-id362_69b253-66 > .kt-row-column-wrap{column-gap:var(--global-kb-gap-md, 2rem);row-gap:var(--global-kb-gap-md, 2rem);max-width:var( --global-content-width, 1290px );padding-left:var(--global-content-edge-padding);padding-right:var(--global-content-edge-padding);padding-top:var(--global-kb-spacing-sm, 1.5rem);padding-bottom:var(--global-kb-spacing-xs, 1rem);grid-template-columns:minmax(0, 1fr);}.kb-row-layout-id362_69b253-66 > .kt-row-layout-overlay{opacity:0.30;}@media all and (max-width: 1024px){.kb-row-layout-id362_69b253-66 > .kt-row-column-wrap{grid-template-columns:minmax(0, 1fr);}}@media all and (max-width: 767px){.kb-row-layout-id362_69b253-66 > .kt-row-column-wrap{padding-top:var(--global-kb-spacing-xl, 4rem);padding-bottom:var(--global-kb-spacing-xl, 4rem);grid-template-columns:minmax(0, 1fr);}}<\/style><div class=\"kb-row-layout-wrap kb-row-layout-id362_69b253-66 alignfull has-theme-palette1-background-color kt-row-has-bg wp-block-kadence-rowlayout\"><div class=\"kt-row-column-wrap kt-has-1-columns kt-row-layout-equal kt-tab-layout-inherit kt-mobile-layout-row kt-row-valign-top kb-theme-content-width\">\n<style>.kadence-column362_db20bc-9b > .kt-inside-inner-col,.kadence-column362_db20bc-9b > .kt-inside-inner-col:before{border-top-left-radius:0px;border-top-right-radius:0px;border-bottom-right-radius:0px;border-bottom-left-radius:0px;}.kadence-column362_db20bc-9b > .kt-inside-inner-col{column-gap:var(--global-kb-gap-sm, 1rem);}.kadence-column362_db20bc-9b > .kt-inside-inner-col{flex-direction:column;}.kadence-column362_db20bc-9b > .kt-inside-inner-col > .aligncenter{width:100%;}.kadence-column362_db20bc-9b > .kt-inside-inner-col:before{opacity:0.3;}.kadence-column362_db20bc-9b{position:relative;}@media all and (max-width: 1024px){.kadence-column362_db20bc-9b > .kt-inside-inner-col{flex-direction:column;justify-content:center;}}@media all and (max-width: 767px){.kadence-column362_db20bc-9b > .kt-inside-inner-col{flex-direction:column;justify-content:center;}}<\/style>\n<div class=\"wp-block-kadence-column kadence-column362_db20bc-9b\"><div class=\"kt-inside-inner-col\"><style>.kb-row-layout-id362_525e12-58 > .kt-row-column-wrap{align-content:start;}:where(.kb-row-layout-id362_525e12-58 > .kt-row-column-wrap) > .wp-block-kadence-column{justify-content:start;}.kb-row-layout-id362_525e12-58 > .kt-row-column-wrap{column-gap:var(--global-kb-gap-md, 2rem);row-gap:var(--global-kb-gap-md, 2rem);padding-top:var(--global-kb-spacing-xl, 4rem);padding-bottom:var(--global-kb-spacing-sm, 1.5rem);grid-template-columns:repeat(2, minmax(0, 1fr));}.kb-row-layout-id362_525e12-58{border-bottom:2px solid var(--global-palette8, #F7FAFC);}.kb-row-layout-id362_525e12-58 > .kt-row-layout-overlay{opacity:0.30;}@media all and (max-width: 1024px){.kb-row-layout-id362_525e12-58 > .kt-row-column-wrap{padding-bottom:var(--global-kb-spacing-lg, 3rem);grid-template-columns:repeat(2, minmax(0, 1fr));}}@media all and (max-width: 1024px){.kb-row-layout-id362_525e12-58{border-bottom:2px solid var(--global-palette8, #F7FAFC);}}@media all and (max-width: 767px){.kb-row-layout-id362_525e12-58 > .kt-row-column-wrap{grid-template-columns:minmax(0, 1fr);}.kb-row-layout-id362_525e12-58{border-bottom:2px solid var(--global-palette8, #F7FAFC);}}<\/style><div class=\"kb-row-layout-wrap kb-row-layout-id362_525e12-58 alignnone wp-block-kadence-rowlayout\"><div class=\"kt-row-column-wrap kt-has-2-columns kt-row-layout-equal kt-tab-layout-inherit kt-mobile-layout-row kt-row-valign-top\">\n<style>.kadence-column362_99df74-8f > .kt-inside-inner-col{display:flex;}.kadence-column362_99df74-8f > .kt-inside-inner-col,.kadence-column362_99df74-8f > .kt-inside-inner-col:before{border-top-left-radius:0px;border-top-right-radius:0px;border-bottom-right-radius:0px;border-bottom-left-radius:0px;}.kadence-column362_99df74-8f > .kt-inside-inner-col{column-gap:var(--global-kb-gap-sm, 1rem);}.kadence-column362_99df74-8f > .kt-inside-inner-col{flex-direction:column;justify-content:flex-end;}.kadence-column362_99df74-8f > .kt-inside-inner-col > .aligncenter{width:100%;}.kt-row-column-wrap > .kadence-column362_99df74-8f{align-self:flex-end;}.kt-inner-column-height-full:not(.kt-has-1-columns) > .wp-block-kadence-column.kadence-column362_99df74-8f{align-self:auto;}.kt-inner-column-height-full:not(.kt-has-1-columns) > .wp-block-kadence-column.kadence-column362_99df74-8f > .kt-inside-inner-col{flex-direction:column;justify-content:flex-end;}.kadence-column362_99df74-8f > .kt-inside-inner-col:before{opacity:0.3;}.kadence-column362_99df74-8f{position:relative;}@media all and (max-width: 1024px){.kt-row-column-wrap > .kadence-column362_99df74-8f{align-self:flex-end;}}@media all and (max-width: 1024px){.kt-inner-column-height-full:not(.kt-has-1-columns) > .wp-block-kadence-column.kadence-column362_99df74-8f{align-self:auto;}}@media all and (max-width: 1024px){.kt-inner-column-height-full:not(.kt-has-1-columns) > .wp-block-kadence-column.kadence-column362_99df74-8f > .kt-inside-inner-col{flex-direction:column;justify-content:flex-end;}}@media all and (max-width: 1024px){.kadence-column362_99df74-8f > .kt-inside-inner-col{flex-direction:column;justify-content:flex-end;}}@media all and (max-width: 767px){.kt-row-column-wrap > .kadence-column362_99df74-8f{align-self:flex-end;}.kt-inner-column-height-full:not(.kt-has-1-columns) > .wp-block-kadence-column.kadence-column362_99df74-8f{align-self:auto;}.kt-inner-column-height-full:not(.kt-has-1-columns) > .wp-block-kadence-column.kadence-column362_99df74-8f > .kt-inside-inner-col{flex-direction:column;justify-content:flex-end;}.kadence-column362_99df74-8f > .kt-inside-inner-col{flex-direction:column;justify-content:flex-end;}}<\/style>\n<div class=\"wp-block-kadence-column kadence-column362_99df74-8f\"><div class=\"kt-inside-inner-col\"><style>.wp-block-kadence-advancedheading.kt-adv-heading362_5b0619-dd, .wp-block-kadence-advancedheading.kt-adv-heading362_5b0619-dd[data-kb-block=\"kb-adv-heading362_5b0619-dd\"]{margin-top:0px;margin-right:0px;margin-bottom:0px;margin-left:0px;text-align:center;font-size:var(--global-kb-font-size-lg, 2rem);line-height:1.4;font-style:normal;}.wp-block-kadence-advancedheading.kt-adv-heading362_5b0619-dd mark.kt-highlight, .wp-block-kadence-advancedheading.kt-adv-heading362_5b0619-dd[data-kb-block=\"kb-adv-heading362_5b0619-dd\"] mark.kt-highlight{font-style:normal;color:#f76a0c;-webkit-box-decoration-break:clone;box-decoration-break:clone;padding-top:0px;padding-right:0px;padding-bottom:0px;padding-left:0px;}.wp-block-kadence-advancedheading.kt-adv-heading362_5b0619-dd img.kb-inline-image, .wp-block-kadence-advancedheading.kt-adv-heading362_5b0619-dd[data-kb-block=\"kb-adv-heading362_5b0619-dd\"] img.kb-inline-image{width:150px;vertical-align:baseline;}@media all and (max-width: 1024px){.wp-block-kadence-advancedheading.kt-adv-heading362_5b0619-dd, .wp-block-kadence-advancedheading.kt-adv-heading362_5b0619-dd[data-kb-block=\"kb-adv-heading362_5b0619-dd\"]{margin-top:0px;margin-bottom:0px;font-size:var(--global-kb-font-size-lg, 2rem);}}<\/style>\n<h1 class=\"kt-adv-heading362_5b0619-dd wp-block-kadence-advancedheading has-theme-palette-9-color has-text-color\" data-kb-block=\"kb-adv-heading362_5b0619-dd\">Taekwondo &#8211; mehr als ein Sport<\/h1>\n\n\n\n<div class=\"wp-block-group\"><div class=\"wp-block-group__inner-container is-layout-constrained wp-block-group-is-layout-constrained\">\n<p class=\"has-theme-palette-9-color has-text-color has-link-color wp-elements-52a6ffee63b05a6d396503f250719df6\">Taekwondo ist mehr als nur eine Kunst der Selbstverteidigung. Es f\u00f6rdert die Entwicklung des Selbstbewusstseins, verbessert die psychische und physische Kondition und wird auch f\u00fcr die Anmut und Sch\u00f6nheit seiner Bewegungen gesch\u00e4tzt.<\/p>\n\n\n\n<p class=\"has-theme-palette-9-color has-text-color has-link-color wp-elements-efc48fea6fbca68ade593dbe74e1afae\">Obwohl Taekwondo f\u00fcr den Laien \u00c4hnlichkeiten mit anderen asiatischen Kampfsportarten aufweist, unterscheidet es sich in wesentlichen Punkten, insbesondere durch die starke Ausrichtung auf Schnelligkeit und Dynamik. Bedingt durch den Wettkampf dominieren im Taekwondo die Fu\u00dftechniken deutlicher als in vergleichbaren Sportarten.<\/p>\n\n\n\n<p class=\"has-theme-palette-9-color has-text-color has-link-color wp-elements-227bdcbc6dda2a79b5e11a0d03d4287d\">Taekwondo ist eine individuelle Sportart, die zwar in der Gruppe trainiert wird, aber der Einzelne den Grad seiner Leistungsf\u00e4higkeit selbst bestimmt. Jeder kann diesen Sport erlernen und bis ins hohe Alter betreiben, da Alter, Geschlecht oder die k\u00f6rperliche Verfassung keine Rolle spielen.<\/p>\n<\/div><\/div>\n<\/div><\/div>\n\n\n<style>.kadence-column362_6ab1dd-09 > .kt-inside-inner-col,.kadence-column362_6ab1dd-09 > .kt-inside-inner-col:before{border-top-left-radius:0px;border-top-right-radius:0px;border-bottom-right-radius:0px;border-bottom-left-radius:0px;}.kadence-column362_6ab1dd-09 > .kt-inside-inner-col{column-gap:var(--global-kb-gap-sm, 1rem);}.kadence-column362_6ab1dd-09 > .kt-inside-inner-col{flex-direction:column;}.kadence-column362_6ab1dd-09 > .kt-inside-inner-col > .aligncenter{width:100%;}.kadence-column362_6ab1dd-09 > .kt-inside-inner-col:before{opacity:0.3;}.kadence-column362_6ab1dd-09{position:relative;}@media all and (max-width: 1024px){.kadence-column362_6ab1dd-09 > .kt-inside-inner-col{flex-direction:column;justify-content:center;}}@media all and (max-width: 767px){.kadence-column362_6ab1dd-09 > .kt-inside-inner-col{flex-direction:column;justify-content:center;}}<\/style>\n<div class=\"wp-block-kadence-column kadence-column362_6ab1dd-09\"><div class=\"kt-inside-inner-col\">\n<figure class=\"wp-block-image size-large\"><img loading=\"lazy\" decoding=\"async\" width=\"1024\" height=\"816\" src=\"https:\/\/tusw.de\/wp-content\/uploads\/2025\/10\/Rene-action-1024x816.jpg\" alt=\"\" class=\"wp-image-393\" srcset=\"https:\/\/tusw.de\/wp-content\/uploads\/2025\/10\/Rene-action-1024x816.jpg 1024w, https:\/\/tusw.de\/wp-content\/uploads\/2025\/10\/Rene-action-300x239.jpg 300w, https:\/\/tusw.de\/wp-content\/uploads\/2025\/10\/Rene-action-768x612.jpg 768w, https:\/\/tusw.de\/wp-content\/uploads\/2025\/10\/Rene-action-1536x1224.jpg 1536w, https:\/\/tusw.de\/wp-content\/uploads\/2025\/10\/Rene-action.jpg 1970w\" sizes=\"auto, (max-width: 1024px) 100vw, 1024px\" \/><\/figure>\n<\/div><\/div>\n\n<\/div><\/div>\n\n<style>.kb-row-layout-id362_38869c-57 > .kt-row-column-wrap{align-content:start;}:where(.kb-row-layout-id362_38869c-57 > .kt-row-column-wrap) > .wp-block-kadence-column{justify-content:start;}.kb-row-layout-id362_38869c-57 > .kt-row-column-wrap{column-gap:var(--global-kb-gap-md, 2rem);row-gap:var(--global-kb-gap-md, 2rem);padding-top:var(--global-kb-spacing-sm, 1.5rem);padding-bottom:var(--global-kb-spacing-sm, 1.5rem);grid-template-columns:repeat(2, minmax(0, 1fr));}.kb-row-layout-id362_38869c-57 > .kt-row-layout-overlay{opacity:0.30;}@media all and (max-width: 1024px){.kb-row-layout-id362_38869c-57 > .kt-row-column-wrap{grid-template-columns:repeat(2, minmax(0, 1fr));}}@media all and (max-width: 767px){.kb-row-layout-id362_38869c-57 > .kt-row-column-wrap{grid-template-columns:minmax(0, 1fr);}}<\/style><div class=\"kb-row-layout-wrap kb-row-layout-id362_38869c-57 alignnone wp-block-kadence-rowlayout\"><div class=\"kt-row-column-wrap kt-has-2-columns kt-row-layout-equal kt-tab-layout-inherit kt-mobile-layout-row kt-row-valign-top\">\n<style>.kadence-column362_063e73-44 > .kt-inside-inner-col,.kadence-column362_063e73-44 > .kt-inside-inner-col:before{border-top-left-radius:0px;border-top-right-radius:0px;border-bottom-right-radius:0px;border-bottom-left-radius:0px;}.kadence-column362_063e73-44 > .kt-inside-inner-col{column-gap:var(--global-kb-gap-sm, 1rem);}.kadence-column362_063e73-44 > .kt-inside-inner-col{flex-direction:column;}.kadence-column362_063e73-44 > .kt-inside-inner-col > .aligncenter{width:100%;}.kadence-column362_063e73-44 > .kt-inside-inner-col:before{opacity:0.3;}.kadence-column362_063e73-44{position:relative;}@media all and (max-width: 1024px){.kadence-column362_063e73-44 > .kt-inside-inner-col{flex-direction:column;justify-content:center;}}@media all and (max-width: 767px){.kadence-column362_063e73-44 > .kt-inside-inner-col{flex-direction:column;justify-content:center;}}<\/style>\n<div class=\"wp-block-kadence-column kadence-column362_063e73-44 kvs-md-false kvs-sm-false\"><div class=\"kt-inside-inner-col\">\n<p><strong>Die Definition von Taekwondo<\/strong><\/p>\n\n\n\n<p><strong>Taekwondo<\/strong> (koreanisch: \ud0dc\uad8c\ub3c4) ist eine <strong>koreanische Kampfkunst und ein moderner Kampfsport<\/strong>.<br>Der Name setzt sich aus drei koreanischen Silben zusammen, die seine Essenz beschreiben:<br><strong>Tae<\/strong> (\ud0dc): <strong>Fu\u00df\/Bein<\/strong> (bezeichnet alle Fu\u00df- und Sprungtechniken)<br><strong>Kwon<\/strong> (\uad8c): <strong>Faust\/Hand<\/strong> (bezeichnet alle Hand- und Blocktechniken)<br><strong>Do<\/strong> (\ub3c4): <strong>Weg\/Lehre<\/strong> (symbolisiert den k\u00f6rperlichen und geistigen Reifeprozess)<br><strong>Zusammengefasst bedeutet Taekwondo \u201eDer Weg des Fu\u00df- und Faustkampfes\u201c<\/strong>.<br>Es zeichnet sich im Vergleich zu anderen asiatischen Kampfsportarten besonders durch folgende Merkmale aus:<br><strong>Dominanz der Fu\u00dftechniken:<\/strong> Es werden sehr dynamische, schnelle und oft hohe Tritttechniken eingesetzt.<br><strong>Dynamik und Schnelligkeit:<\/strong> Die Ausf\u00fchrung der Techniken ist auf Geschwindigkeit ausgelegt, was nicht zuletzt durch den modernen Wettkampf bedingt ist.<br><strong>Ganzheitliche Entwicklung:<\/strong> Neben der k\u00f6rperlichen Fitness (Kraft, Schnelligkeit, Koordination) werden auch geistige Werte wie Respekt, Disziplin und Selbstvertrauen geschult.<br>Taekwondo wird heute sowohl als <strong>Selbstverteidigung<\/strong> als auch als <strong>olympischer Wettkampfsport<\/strong> betrieben.<\/p>\n\n\n<div class=\"wp-block-image\">\n<figure class=\"aligncenter size-large is-resized\"><img loading=\"lazy\" decoding=\"async\" width=\"693\" height=\"1024\" src=\"https:\/\/tusw.de\/wp-content\/uploads\/2025\/10\/519419292-693x1024.png\" alt=\"\" class=\"wp-image-270\" style=\"width:350px;height:auto\" srcset=\"https:\/\/tusw.de\/wp-content\/uploads\/2025\/10\/519419292-693x1024.png 693w, https:\/\/tusw.de\/wp-content\/uploads\/2025\/10\/519419292-203x300.png 203w, https:\/\/tusw.de\/wp-content\/uploads\/2025\/10\/519419292.png 728w\" sizes=\"auto, (max-width: 693px) 100vw, 693px\" \/><\/figure>\n<\/div><\/div><\/div>\n\n\n<style>.kadence-column362_0d316c-71 > .kt-inside-inner-col,.kadence-column362_0d316c-71 > .kt-inside-inner-col:before{border-top-left-radius:0px;border-top-right-radius:0px;border-bottom-right-radius:0px;border-bottom-left-radius:0px;}.kadence-column362_0d316c-71 > .kt-inside-inner-col{column-gap:var(--global-kb-gap-sm, 1rem);}.kadence-column362_0d316c-71 > .kt-inside-inner-col{flex-direction:column;}.kadence-column362_0d316c-71 > .kt-inside-inner-col > .aligncenter{width:100%;}.kadence-column362_0d316c-71 > .kt-inside-inner-col:before{opacity:0.3;}.kadence-column362_0d316c-71{position:relative;}@media all and (max-width: 1024px){.kadence-column362_0d316c-71 > .kt-inside-inner-col{flex-direction:column;justify-content:center;}}@media all and (max-width: 767px){.kadence-column362_0d316c-71 > .kt-inside-inner-col{flex-direction:column;justify-content:center;}}<\/style>\n<div class=\"wp-block-kadence-column kadence-column362_0d316c-71\"><div class=\"kt-inside-inner-col\"><style>.wp-block-kadence-advancedheading.kt-adv-heading362_c64a0b-fe, .wp-block-kadence-advancedheading.kt-adv-heading362_c64a0b-fe[data-kb-block=\"kb-adv-heading362_c64a0b-fe\"]{font-size:var(--global-kb-font-size-md, 1.25rem);font-weight:500;font-style:normal;font-family:var( --global-heading-font-family, inherit );}.wp-block-kadence-advancedheading.kt-adv-heading362_c64a0b-fe mark.kt-highlight, .wp-block-kadence-advancedheading.kt-adv-heading362_c64a0b-fe[data-kb-block=\"kb-adv-heading362_c64a0b-fe\"] mark.kt-highlight{font-style:normal;color:#f76a0c;-webkit-box-decoration-break:clone;box-decoration-break:clone;padding-top:0px;padding-right:0px;padding-bottom:0px;padding-left:0px;}.wp-block-kadence-advancedheading.kt-adv-heading362_c64a0b-fe img.kb-inline-image, .wp-block-kadence-advancedheading.kt-adv-heading362_c64a0b-fe[data-kb-block=\"kb-adv-heading362_c64a0b-fe\"] img.kb-inline-image{width:150px;vertical-align:baseline;}<\/style>\n<div class=\"kt-adv-heading362_c64a0b-fe wp-block-kadence-advancedheading\" data-kb-block=\"kb-adv-heading362_c64a0b-fe\"><strong>Die Geschichte des Taekwondo<\/strong><\/div>\n\n\n\n<p class=\"has-small-font-size\">ist komplex und reicht von alten koreanischen Kampfkunsttraditionen bis hin zu seiner Etablierung als moderner olympischer Sport.<br><br>1. Die Historischen Wurzeln (Vor dem 20. Jahrhundert)<br>Die Urspr\u00fcnge des Taekwondo liegen in \u00fcber <strong>2000 Jahre alten koreanischen Kampfk\u00fcnsten<\/strong>.<br><strong>Drei K\u00f6nigreiche (ca. 50 v. Chr. &#8211; 668 n. Chr.):<\/strong> Bereits in dieser Zeit existierten waffenlose Kampfsysteme. Besonders bekannt war <strong>Taekkyon<\/strong> (eine Form des Fu\u00dfkampfes) und <strong>Subak<\/strong> (Faustkampf).<br><strong>Hwarang-Do:<\/strong> Im K\u00f6nigreich Silla wurde eine Elitetruppe junger Krieger, die <strong>Hwarang<\/strong>, in diesen K\u00fcnsten sowie in Ethik und Philosophie ausgebildet. Der Kodex des Hwarang-Do beeinflusste sp\u00e4ter die moralischen Prinzipien des Taekwondo.<br><strong>Japanische Besatzung (1910\u20131945):<\/strong> W\u00e4hrend dieser Zeit wurde die Aus\u00fcbung koreanischer Kampfk\u00fcnste unterdr\u00fcckt. Viele Koreaner lernten stattdessen japanische Stile wie Karate und Judo, was nach der Befreiung 1945 zur Vermischung von Techniken f\u00fchrte.<br><br>2. Die Geburtsstunde des modernen Taekwondo<br>Nach der Befreiung Koreas im Jahr 1945 entstanden verschiedene Kampfkunstschulen (genannt <strong>Kwans<\/strong>), die unterschiedliche Stile lehrten.<br><strong>1955: Offizielle Namensgebung:<\/strong> Um die verschiedenen Kampfkunststile Koreas zu vereinheitlichen und eine eigenst\u00e4ndige koreanische Identit\u00e4t zu betonen, schlug General <strong>Choi Hong Hi<\/strong> den Namen <strong>Taekwondo<\/strong> vor. Dieser Name wurde am 11. April 1955 offiziell angenommen und bedeutet <strong>&#8222;Weg des Fu\u00dfes und der Faust&#8220;<\/strong>.<br><strong>1960er Jahre: Internationale Verbreitung:<\/strong> Taekwondo-Meister reisten in viele L\u00e4nder, um die neue Kampfkunst zu demonstrieren und zu lehren.<br><br>3. Die Spaltung und die globalen Verb\u00e4nde<br>Aufgrund politischer und pers\u00f6nlicher Differenzen kam es zur Aufspaltung in zwei Hauptstilrichtungen:<br><strong>1966: International Taekwon-Do Federation (ITF):<\/strong> Gegr\u00fcndet von General Choi Hong Hi (urspr\u00fcnglich in S\u00fcdkorea, sp\u00e4ter nach Kanada und Nordkorea verlagert). Dieser Stil wird oft als <strong>traditioneller<\/strong> angesehen.<br><strong>1973: World Taekwondo (WT), vormals WTF:<\/strong> Gegr\u00fcndet in Seoul, S\u00fcdkorea, mit dem Ziel, Taekwondo als <strong>modernen Wettkampfsport<\/strong> zu etablieren. Dieser Stil legte den Grundstein f\u00fcr die olympische Anerkennung. Im selben Jahr fanden die ersten WT-Weltmeisterschaften statt.<br><br>4. Taekwondo als Olympische Disziplin<br>Die Entwicklung zum modernen Wettkampfsport kulminierte in der Aufnahme in die Olympischen Spiele:<br><strong>1988 &amp; 1992:<\/strong> Taekwondo wurde als <strong>Demonstrationssportart<\/strong> bei den Olympischen Spielen in Seoul (1988) und Barcelona (1992) vorgestellt.<br><strong>2000: Offizieller Olympischer Sport:<\/strong> Bei den Olympischen Spielen in Sydney wurde Taekwondo (im Stil der World Taekwondo) erstmals als <strong>vollwertige Medaillendisziplin<\/strong> in das Programm aufgenommen.<br>Heute ist Taekwondo (WT) eine der weltweit am weitesten verbreiteten Kampfsportarten.<\/p>\n<\/div><\/div>\n\n<\/div><\/div><\/div><\/div>\n\n<\/div><\/div>","protected":false},"excerpt":{"rendered":"<p>Taekwondo &#8211; mehr als ein Sport Taekwondo ist mehr als nur eine Kunst der Selbstverteidigung. Es f\u00f6rdert die Entwicklung des Selbstbewusstseins, verbessert die psychische und physische Kondition und wird auch&#8230;<\/p>\n","protected":false},"author":3,"featured_media":0,"parent":0,"menu_order":0,"comment_status":"closed","ping_status":"closed","template":"","meta":{"_kadence_starter_templates_imported_post":false,"_swpsp_post_exclude":false,"_kad_post_transparent":"default","_kad_post_title":"default","_kad_post_layout":"normal","_kad_post_sidebar_id":"default","_kad_post_content_style":"default","_kad_post_vertical_padding":"default","_kad_post_feature":"default","_kad_post_feature_position":"","_kad_post_header":false,"_kad_post_footer":false,"footnotes":""},"class_list":["post-362","page","type-page","status-publish","hentry"],"_links":{"self":[{"href":"https:\/\/tusw.de\/index.php\/wp-json\/wp\/v2\/pages\/362","targetHints":{"allow":["GET"]}}],"collection":[{"href":"https:\/\/tusw.de\/index.php\/wp-json\/wp\/v2\/pages"}],"about":[{"href":"https:\/\/tusw.de\/index.php\/wp-json\/wp\/v2\/types\/page"}],"author":[{"embeddable":true,"href":"https:\/\/tusw.de\/index.php\/wp-json\/wp\/v2\/users\/3"}],"replies":[{"embeddable":true,"href":"https:\/\/tusw.de\/index.php\/wp-json\/wp\/v2\/comments?post=362"}],"version-history":[{"count":37,"href":"https:\/\/tusw.de\/index.php\/wp-json\/wp\/v2\/pages\/362\/revisions"}],"predecessor-version":[{"id":410,"href":"https:\/\/tusw.de\/index.php\/wp-json\/wp\/v2\/pages\/362\/revisions\/410"}],"wp:attachment":[{"href":"https:\/\/tusw.de\/index.php\/wp-json\/wp\/v2\/media?parent=362"}],"curies":[{"name":"wp","href":"https:\/\/api.w.org\/{rel}","templated":true}]}}